
-240375707
In base 5, what is -12404413013 - -3?
-12404413010
In base 14, what is 1a88 - -2021?
3aa9
In base 16, what is 5 - 35d7393?
-35d738e
In base 7, what is 413 - -13065?
13511
In base 10, what is -2823 + -127564?
-130387
In base 11, what is -81a367 - -1a?
-81a348
In base 15, what is -2 + 3339e4?
3339e2
In base 11, what is -2645 - 98?
-2732
In base 8, what is -1 - -262276161?
262276160
In base 16, what is -17d - 60a38?
-60bb5
In base 4, what is 121123 - -103100?
230223
In base 4, what is -22 - -1003203012032?
1003203012010
In base 5, what is -1000010044 - -2202?
-1000002342
In base 16, what is -1c09a1f + -f?
-1c09a2e
In base 14, what is 20 - -4c0263?
4c0283
In base 16, what is -da3a + 3f4?
-d646
In base 6, what is 122 - -200430?
200552
In base 5, what is 2332042 - -3330?
2340422
In base 13, what is -455a + 20174?
18917
In base 10, what is 386 + 21228?
21614
In base 12, what is 2 - -aa38?
aa3a
In base 16, what is f63b8 + 129?
f64e1
In base 16, what is 3 - 178492?
-17848f
In base 10, what is -174 + -2304306?
-2304480
In base 6, what is -2205400120 + 2?
-2205400114
In base 14, what is 49c0 - -a6?
4a86
In base 10, what is -6364555 - 0?
-6364555
In base 11, what is 72 - 74a767?
-74a6a5
In base 5, what is -310133 - 3334?
-314022
In base 3, what is -100001201012 + -2112?
-100001210201
In base 5, what is -10231 + 133302?
123021
In base 12, what is -14a1493a + -8?
-14a14946
In base 4, what is -1221333 + -233022?
-2121021
In base 7, what is 53 + -116112110?
-116112024
In base 3, what is 10011210200121 - 12?
10011210200102
In base 8, what is -57 + 433551?
433472
In base 13, what is 87a6a - -2a6?
88043
In base 3, what is -1012020202220000112 - 12?
-1012020202220000201
In base 10, what is -627833 - 95?
-627928
In base 3, what is 12 + 110211210200210?
110211210200222
In base 13, what is 4a8 + 10bc2?
1139a
In base 13, what is -31b + -112?
-430
In base 12, what is 5 - -766b16a?
766b173
In base 10, what is 153071 - 87?
152984
In base 10, what is 1 - 1939306?
-1939305
In base 16, what is 3a + 23976?
239b0
In base 14, what is 79ba8 + -845?
79363
In base 9, what is -877 + 83011?
82023
In base 2, what is 10111 - -101000001101011110000?
101000001101100000111
In base 3, what is 2022000121 + 111001?
2022111122
In base 4, what is -1 - -111300120133?
111300120132
In base 15, what is -4c0c140 + 0?
-4c0c140
In base 11, what is -1954 + 47040?
45197
In base 15, what is 0 - 269365?
-269365
In base 8, what is -40076 - -632?
-37244
In base 6, what is -103 - 1340015?
-1340122
In base 10, what is 18541832 + 10?
18541842
In base 12, what is 65b7a - -1158?
67116
In base 8, what is 1 - 102600352?
-102600351
In base 11, what is 3a91 - 383?
3709
In base 8, what is -4 + 32722374?
32722370
In base 9, what is -6574480 - -17?
-6574462
In base 3, what is -122 + -12110101121?
-12110102020
In base 3, what is -222021010000002 + -121?
-222021010000200
In base 3, what is -100101121 - 2021120?
-102200011
In base 5, what is -122231 + 41044?
-31132
In base 3, what is -20210110002 - -2220120?
-20200112112
In base 6, what is -1 + 1021405132?
1021405131
In base 11, what is -2 + 246550?
246549
In base 2, what is -1 + -10011110110100001011011010?
-10011110110100001011011011
In base 11, what is 31606 + -45?
31571
In base 2, what is -1011 + -1100010010010010101?
-1100010010010100000
In base 7, what is -21264 - 132?
-21426
In base 6, what is -134311 + -34242?
-212553
In base 6, what is 50450450 + 131?
50451021
In base 9, what is -1370 + 31553?
30173
In base 16, what is -5010 + 497?
-4b79
In base 16, what is ba - 8186d?
-817b3
In base 8, what is 71125344 + -3?
71125341
In base 9, what is 354881782 + -4?
354881777
In base 10, what is -9312 + 14300?
4988
In base 16, what is -b59dbaf + 0?
-b59dbaf
In base 4, what is 21 + 102030333220?
102030333301
In base 10, what is 8097350 - 2?
8097348
In base 8, what is -1022405 - -31?
-1022354
In base 11, what is -2a44927 + -105?
-2a44a31
In base 2, what is -101101101000110 + -10110100011011?
-1000100001100001
In base 5, what is -420223010 + 33?
-420222422
In base 3, what is 11001022 + -22221012?
-11212220
In base 3, what is -120001211211110 + -10?
-120001211211120
In base 4, what is 2211 - 100022332?
-100020121
In base 8, what is 2 + 30620146?
30620150
In base 13, what is -3a82134 - 6?
-3a8213a
In base 5, what is -401 - -33241211?
33240310
In base 5, what is -401 + 23040143?
23034242
In base 10, what is 171741 - 227?
171514
In base 12, what is -343 + -69388?
-6970b
In base 10, what is 4898763 - -16?
4898779
In base 9, what is 2 - 178313201?
-178313188
In base 2, what is 10000101110111100011000110 - 10?
10000101110111100011000100
In base 13, what is -31 - 2b3673?
-2b36a4
In base 8, what is -5 + 161436?
161431
In base 9, what is -265814 + -38?
-265853
In base 14, what is 0 - 10602aa?
-10602aa
In base 6, what is -1310353405 - 42?
-1310353451
In base 4, what is -3320111 + 212111?
-3102000
In base 2, what is -111110001 + -1100001111001000100?
-1100010000000110101
In base 10, what is 40 - -4015041?
4015081
In base 15, what is 4 + -9ac8d70?
-9ac8d6b
In base 12, what is 45658234 - -4?
45658238
In base 6, what is 1421355 - -105?
1421504
In base 7, what is 1144 - 54030?
-52553
In base 10, what is 2977521 + 62?
2977583
In base 8, what is -10201 + 1020?
-7161
In base 3, what is 22011 - -120211222?
121011010
In base 7, what is -10 - -145031051?
145031041
In base 9, what is -177571763 + -1?
-177571764
In base 9, what is 103 - 70446?
-70343
In base 5, what is -300423 + 2331?
-243042
In base 4, what is -3030122 - -1313333?
-1110123
In base 5, what is -31213102 - -23?
-31213024
In base 6, what is 42435331 + -25?
42435302
In base 9, what is 148 + -3487?
-3338
In base 4, what is 132101333 + 300202?
133002201
In base 9, what is -247556 + -27?
-247584
In base 15, what is 23d + -66964?
-66726
In base 16, what is -6463 - -db4?
-56af
In base 16, what is 696d - -24?
6991
In base 4, what is 3 - -230302332203?
230302332212
In base 15, what is -ab86107 + -4?
-ab8610b
In base 6, what is -3303351 - 134?
-3303525
In base 12, what is 261914 + 3a?
261952
In base 12, what is 335a84 + -178?
335908
In base 8, what is 4014165 - 54?
4014111
In base 5, what is 2 + -2120204343?
-2120204341
In base 5, what is -10 - 1204342330131?
-1204342330141
In base 2, what is -1010000011101110 - -11111011?
-1001111111110011
In base 4, what is 211 - -20113331?
20120202
In base 13, what is -427a + 268?
-4012
In base 7, what is -34344432312 + 2?
-34344432310
In base 15, what is 74 - -1a45b3?
1a4637
In base 13, what is -5a757 + 180?
-5a5a7
In base 10, what is 64003 + 2058?
66061
In base 15, what is -5a8020 + 30?
-5a7ee0
In base 8, what is 3300103 + 722?
3301025
In base 4, what is 32100320 + 132020?
32233000
In base 15, what is -7 + -42db1?
-42db8
In base 7, what is -102232 + 1025?
-101204
In base 8, what is 176545 + 30?
176575
In base 3, what is 2002021021 - 1202101?
2000111220
In base 10, what is -63 + -102012?
-102075
In base 11, what is 32749aa - -22?
3274a21
In base 14, what is -5a8332b - -3?
-5a83328
In base 14, what is -2 - -ac3a29?
ac3a27
In base 15, what is -c9 + -6ab55?
-6ac2e
In base 5, what is 1201013 - -414?
1201432
In base 6, what is -2124254 - -1134?
-2123120
In base 10, what is -94158968 + 4?
-94158964
In base 9, what is 22581130 + -5?
22581124
In base 11, what is 8998 + 1757?
a644
In base 14, what is -203d71 + 18?
-203d57
In base 8, what is 106423 - -1200?
107623
In base 2, what is -100 + -111101000010011110000?
-111101000010011110100
In base 5, what is -14 + 223041342?
223041323
In base 12, what is 490374 - -65?
490419
In base 11, what is 5 - -132789a1?
132789a6
In base 3, what is 101 + 1221211220?
1221212021
In base 5, what is -130 - 43324204?
-43324334
In base 11, what is 155985926 + 0?
155985926
In base 4, what is 100003302 - 113202?
33230100
In base 14, what is 200a8d - -c4?
200b73
In base 6, what is 121034 - -1224552?
1350030
In base 9, what is 3 + 3120328?
3120332
In base 16, what is -2 - -118ca?
118c8
In base 2, what is -101 - 1101100001100111100111?
-1101100001100111101100
In base 12, what is -30 - b2aa8?
-b2b18
In base 16, what is -2ce4c + -22?
-2ce6e
In base 13, what is -30357 + 205?
-30152
In base 13, what is 753a56 - 1b?
753a38
In base 14, what is 52 + -594c?
-58da
In base 11, what is 2